 remainder when 446 is divided by 16?
14
Calculate the remainder when 571 is divided by 26.
25
What is the remainder when 6631 is divided by 107?
104
Calculate the remainder when 151 is divided by 14.
11
What is the remainder when 296 is divided by 140?
16
Calculate the remainder when 5944 is divided by 220.
4
Calculate the remainder when 1020 is divided by 148.
132
Calculate the remainder when 367 is divided by 23.
22
What is the remainder when 4432 is divided by 202?
190
Calculate the remainder when 1215 is divided by 64.
63
What is the remainder when 237 is divided by 109?
19
What is the remainder when 2582 is divided by 123?
122
What is the remainder when 76 is divided by 11?
10
What is the remainder when 302 is divided by 61?
58
What is the remainder when 244 is divided by 132?
112
Calculate the remainder when 615 is divided by 171.
102
Calculate the remainder when 102 is divided by 46.
10
What is the remainder when 212 is divided by 55?
47
Calculate the remainder when 295 is divided by 98.
1
What is the remainder when 258 is divided by 92?
74
What is the remainder when 2731 is divided by 162?
139
Calculate the remainder when 3274 is divided by 22.
18
Calculate the remainder when 293 is divided by 69.
17
What is the remainder when 63 is divided by 16?
15
Calculate the remainder when 107 is divided by 23.
15
What is the remainder when 98 is divided by 17?
13
Calculate the remainder when 1617 is divided by 108.
105
Calculate the remainder when 484 is divided by 88.
44
Calculate the remainder when 629 is divided by 35.
34
What is the remainder when 563 is divided by 55?
13
What is the remainder when 8444 is divided by 15?
14
What is the remainder when 141 is divided by 31?
17
Calculate the remainder when 758 is divided by 191.
185
Calculate the remainder when 4618 is divided by 132.
130
Calculate the remainder when 48 is divided by 31.
17
Calculate the remainder when 258 is divided by 79.
21
Calculate the remainder when 506 is divided by 64.
58
Calculate the remainder when 2054 is divided by 137.
136
What is the remainder when 218 is divided by 25?
18
Calculate the remainder when 2363 is divided by 777.
32
Calculate the remainder when 1552 is divided by 37.
35
Calculate the remainder when 188 is divided by 13.
6
What is the remainder when 839 is divided by 265?
44
Calculate the remainder when 145 is divided by 31.
21
What is the remainder when 1137 is divided by 4?
1
What is the remainder when 277 is divided by 70?
67
Calculate the remainder when 578 is divided by 57.
8
What is the remainder when 2140 is divided by 7?
5
What is the remainder when 293 is divided by 90?
23
Calculate the remainder when 122 is divided by 14.
10
Calculate the remainder when 1256 is divided by 30.
26
Calculate the remainder when 96952 is divided by 22.
20
What is the remainder when 70 is divided by 8?
6
What is the remainder when 20652 is divided by 23?
21
What is the remainder when 1186 is divided by 25?
11
What is the remainder when 551 is divided by 69?
68
What is the remainder when 125 is divided by 45?
35
Calculate the remainder when 1494 is divided by 23.
22
Calculate the remainder when 883 is divided by 91.
64
What is the remainder when 1382 is divided by 682?
18
Calculate the remainder when 1150 is divided by 15.
10
Calculate the remainder when 12879 is divided by 226.
223
What is the remainder when 885 is divided by 12?
9
Calculate the remainder when 728 is divided by 357.
14
Calculate the remainder when 100 is divided by 51.
49
What is the remainder when 206 is divided by 67?
5
Calculate the remainder when 96 is divided by 25.
21
What is the remainder when 173 is divided by 35?
33
What is the remainder when 568 is divided by 293?
275
Calculate the remainder when 795 is divided by 57.
54
Calculate the remainder when 631 is divided by 136.
87
Calculate the remainder when 165 is divided by 8.
5
What is the remainder when 18980 is divided by 21?
17
Calculate the remainder when 15315 is divided by 207.
204
What is the remainder when 6283 is divided by 19?
13
Calculate the remainder when 32 is divided by 12.
8
Calculate the remainder when 7146 is divided by 3.
0
Calculate the remainder when 1750 is divided by 570.
40
Calculate the remainder when 1090 is divided by 214.
20
What is the remainder when 85 is divided by 11?
8
What is the remainder when 5014 is divided by 264?
262
Calculate the remainder when 213 is divided by 12.
9
What is the remainder when 18987 is divided by 10?
7
What is the remainder when 85 is divided by 13?
7
What is the remainder when 43 is divided by 24?
19
What is the remainder when 253 is divided by 37?
31
What is the remainder when 2146 is divided by 12?
10
Calculate the remainder when 2062 is divided by 43.
41
Calculate the remainder when 235 is divided by 48.
43
What is the remainder when 977 is divided by 7?
4
Calculate the remainder when 590 is divided by 37.
35
What is the remainder when 65 is divided by 25?
15
What is the remainder when 1553 is divided by 130?
123
Calculate the remainder when 2613 is divided by 386.
297
Calculate the remainder when 2033 is divided by 75.
8
Calculate the remainder when 245 is divided by 12.
5
What is the remainder when 1141 is divided by 376?
13
Calculate the remainder when 92 is divided by 20.
12
What is the remainder when 182 is divided by 29?
8
Calculate the remainder when 92 is divided by 88.
4
What is the remainder when 309 is divided by 26?
23
Calculate the remainder when 138 is divided by 25.
13
Calculate the remainder when 10359 is divided by 8.
7
Calculate the remainder when 2125 is divided by 14.
11
What is the remainder when 269 is divided by 36?
17
Calculate the remainder when 41 is divided by 16.
9
Calculate the remainder when 7648 is divided by 25.
23
What is the remainder when 289 is divided by 49?
44
What is the remainder when 2207 is divided by 12?
11
What is the remainder when 248 is divided by 12?
8
Calculate the remainder when 9203 is divided by 101.
12
Calculate the remainder when 230 is divided by 121.
109
Calculate the remainder when 3810 is divided by 123.
120
What is the remainder when 4403 is divided by 19?
14
What is the remainder when 224 is divided by 58?
50
What is the remainder when 1193 is divided by 57?
53
Calculate the remainder when 750 is divided by 66.
24
What is the remainder when 47 is divided by 20?
7
Calculate the remainder when 5172 is divided by 207.
204
Calculate the remainder when 10486 is divided by 244.
238
What is the remainder when 138 is divided by 45?
3
Calculate the remainder when 145 is divided by 9.
1
Calculate the remainder when 347 is divided by 250.
97
Calculate the remainder when 222 is divided by 76.
70
Calculate the remainder when 3599 is divided by 17.
12
What is the remainder when 1361 is divided by 264?
41
Calculate the remainder when 1841 is divided by 307.
306
What is the remainder when 139 is divided by 7?
6
Calculate the remainder when 372 is divided by 25.
22
Calculate the remainder when 410 is divided by 139.
132
Calculate the remainder when 288 is divided by 285.
3
What is the remainder when 195 is divided by 49?
48
What is the remainder when 1297 is divided by 54?
1
Calculate the remainder when 22 is divided by 12.
10
Calculate the remainder when 1188 is divided by 5.
3
Calculate the remainder when 1359 is divided by 68.
67
Calculate the remainder when 723 is divided by 179.
7
Calculate the remainder when 794 is divided by 18.
2
Calculate the remainder when 143 is divided by 6.
5
Calculate the remainder when 18054 is divided by 105.
99
What is the remainder when 1213 is divided by 27?
25
What is the remainder when 512 is divided by 489?
23
What is the remainder when 831 is divided by 43?
14
What is the remainder when 5612 is divided by 4?
0
What is the remainder when 324 is divided by 18?
0
What is the remainder when 110 is divided by 33?
11
What is the remainder when 34889 is divided by 244?
241
What is the remainder when 1534 is divided by 167?
31
What is the remainder when 54 is divided by 10?
4
What is the remainder when 194 is divided by 18?
14
Calculate the remainder when 877 is divided by 466.
411
Calculate the remainder when 733 is divided by 49.
47
Calculate the remainder when 3925 is divided by 231.
229
Calculate 